{"id":16,"date":"2016-03-05T20:44:11","date_gmt":"2016-03-05T20:44:11","guid":{"rendered":"http:\/\/sv-djk-waltrop.de\/?page_id=16"},"modified":"2026-04-04T13:46:30","modified_gmt":"2026-04-04T13:46:30","slug":"impressum","status":"publish","type":"page","link":"https:\/\/sv-djk-waltrop.de\/?page_id=16","title":{"rendered":"Impressum"},"content":{"rendered":"<p><span style=\"color: #003366;\">SV DJK Teutonia Waltrop e.V.<\/span><br \/>\n<span style=\"color: #003366;\">Gellertweg 14<\/span><br \/>\n<span style=\"color: #003366;\">45731 Waltrop<\/span><\/p>\n<p><span style=\"color: #003366;\">Vereinsregister: 1710<\/span><br \/>\n<span style=\"color: #003366;\">Registergericht: Amtsgericht Recklinghausen<\/span><\/p>\n<p><span style=\"color: #003366;\">Vertreten durch:<\/span><br \/>\n<span style=\"color: #003366;\">1.Vorsitzende: Ingo Wallbaum<\/span><\/p>\n<p><span style=\"color: #003366;\">Kontakt:<\/span><br \/>\n<span style=\"color: #003366;\">Telefon: 0174-8684412<\/span><br \/>\n<span style=\"color: #003366;\">E-Mail: sh-schwimmverein@web.de<\/span><\/p>\n<p><span style=\"color: #003366;\">Redaktionell verantwortlich:<\/span><br \/>\n<span style=\"color: #003366;\">Ingo Wallbaum<\/span><br \/>\n<span style=\"color: #003366;\">c\/o SV DJK Teutonia Waltrop<\/span><br \/>\n<span style=\"color: #003366;\">Gellertweg 14<\/span><br \/>\n<span style=\"color: #003366;\">45731 Waltrop<\/span><\/p>\n<p><span style=\"color: #003366;\">Verbraucherstreitbeilegung\/Universalschlichtungsstelle:<\/span><br \/>\n<span style=\"color: #003366;\">Wir sind nicht bereit oder verpflichtet, an Streitbeilegungsverfahren vor einer Verbraucherschlichtungsstelle <\/span><span style=\"color: #003366;\">teilzunehmen.<\/span><\/p>\n<p style=\"text-align: justify;\">\n<h1><span style=\"color: #003366;\">Rechtlicher Hinweis<\/span><\/h1>\n<p><span style=\"color: #003366;\"> Der SV DJK Teutonia Waltrop e.V. ist bem\u00fcht, f\u00fcr die Richtigkeit und Aktualit\u00e4t aller auf ihrer Website enthaltenen Informationen und Daten zu sorgen. Eine Haftung oder Garantie f\u00fcr die Aktualit\u00e4t, Richtigkeit und Vollst\u00e4ndigkeit der zur Verf\u00fcgung gestellten Informationen und Daten ist jedoch ausgeschlossen. Dies gilt ebenso f\u00fcr alle anderen Websites, auf die mittels eines Hyperlinks verwiesen wird. Der SV DJK Teutonia Waltrop e.V. ist f\u00fcr den Inhalt solcher Websites, die mittels einer solchen Verbindung erreicht werden, ebenfalls nicht verantwortlich.<\/span><\/p>\n<p style=\"text-align: justify;\"><span style=\"color: #003366;\">Der Inhalt der SV DJK Teutonia Waltrop &#8211; Website ist urheberrechtlich gesch\u00fctzt. Jegliche \u00dcbernahme und Vervielf\u00e4ltigung von Informationen oder Daten, insbesondere die Verwendung von Texten, Textteilen oder Bildmaterial bedarf der vorherigen Zustimmung des SV DJK Teutonia Waltrop.<\/span><\/p>\n<h1><\/h1>\n","protected":false},"excerpt":{"rendered":"<p>SV DJK Teutonia Waltrop e.V. Gellertweg 14 45731 Waltrop Vereinsregister: 1710 Registergericht: Amtsgericht Recklinghausen Vertreten durch: 1.Vorsitzende: Ingo Wallbaum Kontakt: Telefon: 0174-8684412 E-Mail: sh-schwimmverein@web.de Redaktionell verantwortlich: Ingo Wallbaum c\/o SV DJK Teutonia Waltrop Gellertweg&#46;&#46;&#46;<\/p>\n","protected":false},"author":3,"featured_media":0,"parent":0,"menu_order":0,"comment_status":"closed","ping_status":"closed","template":"","meta":[],"_links":{"self":[{"href":"https:\/\/sv-djk-waltrop.de\/index.php?rest_route=\/wp\/v2\/pages\/16"}],"collection":[{"href":"https:\/\/sv-djk-waltrop.de\/index.php?rest_route=\/wp\/v2\/pages"}],"about":[{"href":"https:\/\/sv-djk-waltrop.de\/index.php?rest_route=\/wp\/v2\/types\/page"}],"author":[{"embeddable":true,"href":"https:\/\/sv-djk-waltrop.de\/index.php?rest_route=\/wp\/v2\/users\/3"}],"replies":[{"embeddable":true,"href":"https:\/\/sv-djk-waltrop.de\/index.php?rest_route=%2Fwp%2Fv2%2Fcomments&post=16"}],"version-history":[{"count":23,"href":"https:\/\/sv-djk-waltrop.de\/index.php?rest_route=\/wp\/v2\/pages\/16\/revisions"}],"predecessor-version":[{"id":2535,"href":"https:\/\/sv-djk-waltrop.de\/index.php?rest_route=\/wp\/v2\/pages\/16\/revisions\/2535"}],"wp:attachment":[{"href":"https:\/\/sv-djk-waltrop.de\/index.php?rest_route=%2Fwp%2Fv2%2Fmedia&parent=16"}],"curies":[{"name":"wp","href":"https:\/\/api.w.org\/{rel}","templated":true}]}}